is the hundreds digit of 91042?
0
What is the hundred thousands digit of 311759?
3
What is the ten millions digit of 29702267?
2
What is the hundred thousands digit of 2545045?
5
What is the hundred thousands digit of 4552023?
5
What is the units digit of 991894?
4
What is the millions digit of 20296228?
0
What is the hundreds digit of 279986?
9
What is the thousands digit of 160295?
0
What is the hundreds digit of 485969?
9
What is the hundred thousands digit of 7853078?
8
What is the tens digit of 4852982?
8
What is the ten thousands digit of 346689?
4
What is the ten thousands digit of 10281?
1
What is the tens digit of 25185?
8
What is the tens digit of 6292?
9
What is the hundred thousands digit of 2035810?
0
What is the ten thousands digit of 9184074?
8
What is the thousands digit of 219116?
9
What is the hundreds digit of 8204032?
0
What is the units digit of 1588803?
3
What is the units digit of 265863?
3
What is the thousands digit of 693683?
3
What is the hundreds digit of 357902?
9
What is the hundred thousands digit of 157127?
1
What is the hundreds digit of 246785?
7
What is the millions digit of 11484642?
1
What is the thousands digit of 19319208?
9
What is the hundreds digit of 21560882?
8
What is the hundreds digit of 9406447?
4
What is the hundreds digit of 1105231?
2
What is the units digit of 211050?
0
What is the thousands digit of 831552?
1
What is the thousands digit of 430307?
0
What is the hundreds digit of 237632?
6
What is the tens digit of 3682055?
5
What is the millions digit of 6124185?
6
What is the hundreds digit of 4515749?
7
What is the units digit of 4743235?
5
What is the ten thousands digit of 870179?
7
What is the units digit of 12552223?
3
What is the hundred thousands digit of 591646?
5
What is the millions digit of 13987564?
3
What is the thousands digit of 13668?
3
What is the units digit of 206968?
8
What is the tens digit of 146498?
9
What is the units digit of 1986433?
3
What is the thousands digit of 414332?
4
What is the millions digit of 9113184?
9
What is the tens digit of 519771?
7
What is the thousands digit of 7168402?
8
What is the thousands digit of 6741632?
1
What is the millions digit of 2481660?
2
What is the hundred thousands digit of 1070180?
0
What is the thousands digit of 827468?
7
What is the hundred thousands digit of 692122?
6
What is the tens digit of 351135?
3
What is the thousands digit of 16163518?
3
What is the thousands digit of 82443?
2
What is the hundreds digit of 330620?
6
What is the units digit of 9695977?
7
What is the units digit of 878658?
8
What is the hundred thousands digit of 2083078?
0
What is the tens digit of 5839188?
8
What is the tens digit of 330818?
1
What is the units digit of 198142?
2
What is the ten thousands digit of 1555936?
5
What is the ten thousands digit of 92824?
9
What is the tens digit of 235458?
5
What is the ten thousands digit of 1404009?
0
What is the ten thousands digit of 2157137?
5
What is the ten thousands digit of 1332800?
3
What is the millions digit of 12182751?
2
What is the hundred thousands digit of 508651?
5
What is the hundred thousands digit of 158895?
1
What is the millions digit of 1243602?
1
What is the thousands digit of 259571?
9
What is the hundred thousands digit of 341068?
3
What is the thousands digit of 5645005?
5
What is the tens digit of 7803900?
0
What is the tens digit of 7457050?
5
What is the ten millions digit of 14419670?
1
What is the hundred thousands digit of 626249?
6
What is the hundreds digit of 326351?
3
What is the tens digit of 25548331?
3
What is the units digit of 327464?
4
What is the ten thousands digit of 505587?
0
What is the millions digit of 7846619?
7
What is the tens digit of 100517?
1
What is the tens digit of 648741?
4
What is the hundred thousands digit of 14084804?
0
What is the hundred thousands digit of 9456321?
4
What is the thousands digit of 790772?
0
What is the hundreds digit of 224807?
8
What is the hundred thousands digit of 2429678?
4
What is the ten thousands digit of 297910?
9
What is the hundred thousands digit of 3106535?
1
What is the thousands digit of 129683?
9
What is the hundred thousands digit of 680949?
6
What is the ten millions digit of 15812284?
1
What is the millions digit of 1638857?
1
What is the units digit of 7568266?
6
What is the ten thousands digit of 634944?
3
What is the hundreds digit of 8461680?
6
What is the units digit of 10002?
2
What is the hundreds digit of 2521804?
8
What is the thousands digit of 127163?
7
What is the thousands digit of 731954?
1
What is the units digit of 425482?
2
What is the ten thousands digit of 6046025?
4
What is the hundred thousands digit of 14203662?
2
What is the millions digit of 14831564?
4
What is the units digit of 10604487?
7
What is the thousands digit of 997557?
7
What is the units digit of 603296?
6
What is the thousands digit of 11373708?
3
What is the hundred thousands digit of 494822?
4
What is the hundreds digit of 822900?
9
What is the ten millions digit of 11996938?
1
What is the ten thousands digit of 899025?
9
What is the units digit of 632414?
4
What is the millions digit of 22776817?
2
What is the thousands digit of 784068?
4
What is the units digit of 4963639?
9
What is the ten thousands digit of 671686?
7
What is the millions digit of 3086623?
3
What is the thousands digit of 335455?
5
What is the millions digit of 2944998?
2
What is the hundred thousands digit of 898815?
8
What is the ten thousands digit of 2323218?
2
What is the hundred thousands digit of 239933?
2
What is the ten thousands digit of 2960542?
6
What is the ten thousands digit of 1105485?
0
What is the tens digit of 19284247?
4
What is the hundreds digit of 9703631?
6
What is the hundreds digit of 19716134?
1
What is the hundred thousands digit of 2120708?
1
What is the millions digit of 1601713?
1
What is the ten thousands digit of 81513?
8
What is the tens digit of 54054?
5
What is the millions digit of 1556454?
1
What is the tens digit of 6641013?
1
What is the hundred thousands digit of 1272773?
2
What is the tens digit of 393118?
1
What is the hundreds digit of 3879?
8
What is the ten thousands digit of 4746051?
4
What is the units digit of 226865?
5
What is the thousands digit of 352098?
2
What is the hundreds digit of 1097027?
0
What is the ten thousands digit of 769022?
6
What is the hundred thousands digit of 142958?
1
What is the ten thousands digit of 312920?
1
What is the units digit of 331301?
1
What is the ten millions digit of 16601620?
1
What is the thousands digit of 1748041?
8
What is the ten thousands digit of 20842355?
4
What is the hundreds digit of 35300771?
7
What is the ten thousands digit of 173384?
7
What is the tens digit of 8299510?
1
What is the tens digit of 742549?
4
What is the units digit of 1468766?
6
What is the hundreds digit of 82570?
5
What is the hundred thousands digit of 265428?
2
What is the hundreds digit of 783?
7
What is the hundred thousands digit of 4995880?
9
What is the units digit of 21198951?
1
What is the tens digit of 83187?
8
What is the hundreds digit of 13883?
8
What is the ten thousands digit of 8110438?
1
What is the units digit of 1655355?
5
What is the thousands digit of 792970?
2
What is the units digit of 1017985?
5
What is the thousands digit of 303533?
3
What is the units digit of 2053608?
8
What is the hundred thousands digit of 2648017?
6
What is the thousands digit of 72700?
2
What is the ten thousands digit of 1510255?
1
What is the units digit of 105615?
5
What is the tens digit of 167330?
3
What is the ten thousands digit of 2440547?
4
What is the millions digit of 6495958?
6
What is the ten thousands digit of 3328926?
2
What is the ten thousands digit of 187030?
8
What is the hundred thousands digit of 4737132?
7
What is the thousands digit of 6141591?
1
What is the hundred thousands digit of 534146?
5
What is the tens digit of 155505?
0
What is the thousands digit of 354749?
4
What is the thousands digit of 143502?
3
What is the tens digit of 3926408?
0
What is the units digit of 233488?
8
What is the hundred thousands digit of 1908575?
9
What is the tens digit of 266880?
8
What is the tens digit of 527287?
8
What is the thousands digit of 379521?
9
What 